common factor of y and a?
27
Let g be (18/9)/(2/1705). Suppose 9*d - 4*d - g = 0. Calculate the highest common divisor of 31 and d.
31
Let j = -21 + -25. Let t be (8 - j)/(3 + -2 + 1). What is the highest common factor of t and 36?
9
Suppose 0 = 6*w - 11*w + 20, 2*i = 3*w + 108. What is the highest common divisor of i and 20?
20
Let j = -1122 + 1144. Suppose 0 = -3*o + 36 - 3. Let b = 11 + o. What is the highest common factor of j and b?
22
Suppose -3507 = 4*j + 5493. Let z be ((-1)/(-3))/((-6)/j). What is the highest common divisor of z and 50?
25
Let q(z) = 9*z**2 - 2*z - 1. Let h be q(-1). Suppose 0 = -14*i + 440 + 680. What is the greatest common factor of i and h?
10
Suppose -2*z = -0*z + t - 10, -10 = -2*z + 5*t. Suppose -q = -9 - z. Let k = 69 + -41. What is the greatest common factor of q and k?
14
Suppose 2*u = 10*s - 5*s - 2291, s + 5*u = 469. What is the highest common divisor of 27 and s?
27
Let w = -10 + 17. Let g(o) = 20*o + 1727. Let z be g(-86). Calculate the highest common divisor of z and w.
7
Suppose -16*s + 56 = -8*s. Suppose 459 = s*d - 486. What is the greatest common factor of d and 54?
27
Suppose 35 = 8*n - 85. What is the highest common divisor of n and 1440?
15
Suppose 6*i + 678 = 12*i. Suppose -13*n + 160 = -i. Calculate the highest common divisor of n and 231.
21
Let i be 2/(-4) - (-38948)/104. What is the greatest common factor of i and 68?
34
Suppose x = -s + 3, 3*s - 5 = 8*x - 13*x. Suppose -3*w + s*w - 407 = 5*r, 0 = -4*r - 12. Let f = 57 - 29. Calculate the highest common divisor of w and f.
28
Let j = 2223 - 1881. What is the greatest common divisor of j and 90?
18
Let k(y) = 5*y - 3. Let t be k(5). Suppose 15*b + 14*b - 2349 = 0. Let r = -26 + b. What is the greatest common factor of r and t?
11
Suppose -51 = -q + 5*h, -4*q - 2*h = -0*q - 94. What is the greatest common factor of 52 and q?
26
Let i be 77/(-7) + 21 + 65. Calculate the greatest common factor of 825 and i.
75
Let r be 25/2*40/50. Let h(q) be the first derivative of 2*q**3/3 + 2*q + 8. Let s be h(2). What is the highest common divisor of s and r?
10
Suppose -5*o - f = -211 - 63, -196 = -4*o + 5*f. Calculate the greatest common divisor of o and 12.
6
Let f = -79 + 86. Suppose -2*y + 35 = -y. What is the highest common factor of y and f?
7
Let c = 2 + 4. Suppose 2*u - c*u = 28. Let i be (18/4)/(u/(-84)). What is the highest common factor of i and 18?
18
Suppose -10*g + 15*g - 220 = 0. Suppose 4*z = -3*o + g, 5*o - 35 = 2*z - z. Calculate the highest common factor of 32 and o.
8
Suppose -g - 2*z = -2*g - 47, g = -4*z - 23. Let o = -32 - g. Calculate the greatest common factor of 14 and o.
7
Suppose -4*o = -83 - 121. Let c = o - -5. Calculate the highest common factor of c and 84.
28
Let g = -16 + 15. Let p = 1 - g. Let a(o) = 6*o + 1. Let w be a(p). Calculate the highest common factor of 39 and w.
13
Let t = 5764 + -4015. Suppose 4*h - t = 731. What is the greatest common factor of h and 62?
62
Suppose 7*h + r = 12*h - 12, -2*r + 3 = -h. Let w(c) = c**3 + 6*c**2 - 8*c - 4. Let p be w(-7). What is the highest common divisor of p and h?
3
Suppose -2*o = -5*m - 25, 3*o + 0*m - m = 5. Suppose -8*p + 2*p + 108 = o. Calculate the greatest common factor of p and 6.
6
Let b be (-256)/(-48)*(-18)/(-8). Let g be 87/(-4)*(-16)/b. What is the highest common factor of 145 and g?
29
Let u be -6*1*75/(-3). Suppose 5*b + b = u. What is the greatest common factor of b and 10?
5
Let n = 535 - 241. Calculate the highest common factor of 18 and n.
6
Let g be 9/6*(278/(-3) - 0). Let k = 150 + g. Calculate the greatest common factor of k and 88.
11
Let j(y) = y**2 + y + 100. Let c be j(0). Let i(t) = -t**3 + 6*t**2 - t + 16. Let r be i(7). Let w = r - -80. Calculate the highest common divisor of c and w.
20
Let s be ((-140)/120*4/(-7))/(10/1125). Let t = -8 - -38. What is the highest common divisor of t and s?
15
Let l(y) = y**3 - 3*y**2 - 14*y - 2. Suppose -3*z + 18 = -b, -4*b = 5*z - 0*b - 30. Let p be l(z). What is the greatest common divisor of 66 and p?
22
Let s = 1044 - 966. Calculate the greatest common factor of 54 and s.
6
Let j(n) = 30*n**2 - n. Let h be j(2). Let r be ((-24)/14)/(34/595). Let f = h + r. What is the highest common divisor of 8 and f?
8
Suppose -42 = -15*m + 14*m. Suppose 4*o - 56 = 5*p - 0*p, p + 70 = 5*o. Calculate the highest common divisor of o and m.
14
Let n be 1254/21 - (-10)/35. Suppose p - 100 = -4*p. Calculate the greatest common factor of n and p.
20
Let l(z) = 5*z + 125. Let k be l(-18). Calculate the highest common divisor of 455 and k.
35
Let u be (-13)/(3/(-6)*(-2)/11). Let a = u + 243. What is the greatest common divisor of a and 25?
25
Let c = 209 + -195. Let f = -39 + 74. Calculate the highest common factor of c and f.
7
Let a be 282/(-10)*(-6 - -1). Let d = 263 + -169. Calculate the greatest common divisor of d and a.
47
Suppose 2*i = 6*i - 20. Suppose 2*y = -i*y + 2198. Suppose n = 4*g - 247, 2*n + 2*n = -5*g + y. Calculate the greatest common divisor of g and 93.
31
Let u(a) = -136*a + 5. Let v be u(-1). Calculate the greatest common factor of 3 and v.
3
Let f = 371 + -243. What is the greatest common divisor of 96 and f?
32
Let z be 28/70 + 106/10. Suppose 0 = -z*v + 5*v + 12. What is the highest common divisor of 1 and v?
1
Let x = 8 - -13. Let z = -259 + 273. What is the highest common factor of x and z?
7
Let r be -1*(-3 + 0 + -10). Let b(x) = 7*x**2 - 12*x + 28. Let q be b(5). What is the highest common divisor of q and r?
13
Suppose 5*z = 3*z + 170. Suppose -b + s = -94, -3*b + 4*b - z = 4*s. Let h be (-3)/12 - b/(-4). What is the greatest common factor of 36 and h?
12
Let r(q) = q - 7. Let p be r(-6). Let z be (p/(-4))/(1/4). Let m = -59 - -176. What is the greatest common divisor of z and m?
13
Suppose 4*n - 45 = 303. Let b(r) = -r**3 - r**2 - r + 2. Let k be b(-4). Let t = n - k. Calculate the highest common factor of t and 33.
33
Suppose -5*t = g + 2*g + 562, 2*t = 3*g + 548. Let v be g/(-13) - 38/247. What is the greatest common factor of 56 and v?
14
Let o(i) = i**3 - i**2. Suppose y = -0*y + 5. Let z be o(y). Suppose k + 3*k + f - 83 = 0, -66 = -3*k - 2*f. Calculate the greatest common factor of z and k.
20
Suppose 13*k - 16*k = 180. Let h = k - -82. Let d = 427 - 185. What is the highest common factor of h and d?
22
Let v(n) = 26*n - 42. Let i be v(7). Let d be ((5 - 6) + 7)/(6/i). Calculate the highest common divisor of 35 and d.
35
Suppose -52 + 20 = -2*i. What is the highest common factor of 112 and i?
16
Let j = -75 - -102. Calculate the highest common factor of j and 27.
27
Let i(x) = x**3 + 3*x**2 - 4*x - 4. Let u be i(-3). Suppose 43 = -m + u. Let l be m/(-2) - 3/2. What is the greatest common factor of 32 and l?
16
Suppose -2*w = -0*w - 3*c, 2*w + 5*c = 16. Let f be -3 + ((-4)/6)/(w/(-63)). What is the highest common divisor of f and 1?
1
Suppose -223 - 362 = -3*c - 3*o, -2*o = c - 195. Calculate the highest common divisor of 15 and c.
15
Let z = -6 - 9. Let y be (-4 - 1 - 7)*z/2. What is the greatest common factor of 36 and y?
18
Suppose -2*z + z + 8 = 3*g, g = -2*z + 6. Suppose 0 = -3*v + l + 196, 5*v - z*l = -6*l + 321. Calculate the greatest common factor of 13 and v.
13
Let d be 7/(-7) + 0 + 4. Suppose 2*l = -d*v - 2*v + 10, -5*v = -4*l + 20. Suppose 5*i - 224 - 91 = v. What is the highest common factor of i and 7?
7
Let t be 42/2*5/(455/156). What is the greatest common divisor of t and 212?
4
Suppose -5*o = -1222 + 122. Suppose i = -i + o. Suppose 0 = -14*c + 21*c - 70. Calculate the greatest common divisor of c and i.
10
Let m = 159 + -68. Let q(k) = 3*k**3 - 3*k**3 - 1 + 12*k**2 + 14 - k**3. Let o be q(12). What is the highest common factor of m and o?
13
Let x = 42 - 42. Suppose -40 = -4*d - 2*n + 3*n, -5*n = x. Calculate the greatest common factor of d and 80.
10
Let j(o) = -3*o**3 + 33*o**2 - 13*o - 24. Let k be j(10). What is the greatest common divisor of k and 6?
2
Let v = -316 - -334. What is the greatest common divisor of 45 and v?
9
Let u(w) = -3*w + 39. Let x be u(-5). What is the highest common divisor of x and 36?
18
Let b be -1 + -6 - -3*(-285)/(-45). Suppose -2*z + 307 = 5*i, 4*i + 1 = -3*z + 465. Calculate the highest common factor of b and z.
12
Let p be 748 + 1 - (6 - (-1 